{"id":806,"date":"2021-03-06T04:25:15","date_gmt":"2021-03-06T04:25:15","guid":{"rendered":"https:\/\/mundomarron.cl\/?page_id=806"},"modified":"2023-05-01T01:44:08","modified_gmt":"2023-05-01T01:44:08","slug":"como-comprar","status":"publish","type":"page","link":"https:\/\/mundomarron.cl\/inicio\/como-comprar\/","title":{"rendered":"Como comprar"},"content":{"rendered":"\n<p><strong><em>\u00bfC\u00f3mo comprar?<\/em><\/strong><\/p>\n\n\n\n<p>Puedes comprar y pagar a trav\u00e9s de nuestro sitio web utilizando el carrito de compras desde la comodidad de tu hogar. Solamente tienes que seleccionar los items que quieras comprar para agregarlos al carrito y puedes finalmente pagar con tu tarjeta de credito o d\u00e9bito utilizando Webpay,&nbsp; transferencia electr\u00f3nica, o Contra-reembolso (solo disponible en Ovalle).<\/p>\n\n\n\n<p>Por favor toma en consideraci\u00f3n las siguientes puntos para tu compra:<\/p>\n\n\n\n<p>1. Los retiros en el domicilio son gratuitos, pero el despacho <strong>es gratuito<\/strong> a todo Ovalle. En el caso de env\u00edo a regiones, el despacho es a convenir con el comprador.<\/p>\n\n\n\n<p>2. Tienes 2 d\u00edas h\u00e1biles para pagar o retirar tus productos. De otra forma, pierdes tu reserva y los productos vuelven a estar disponibles.<\/p>\n\n\n\n<p><strong>\u00bf C\u00f3mo procesamos tu pedido online ?<\/strong><\/p>\n\n\n\n<p>La recepci\u00f3n de tu pedido se procesa durante las 24 horas del d\u00eda a trav\u00e9s de nuestra tienda Online. Los datos que ingresas al realizar la compra, son confidenciales. Los pedidos ser\u00e1n procesados de lunes a viernes para env\u00edo en m\u00e1ximo 5 d\u00edas h\u00e1biles tanto para Ovalle como para el resto del pa\u00eds, si el producto comprado se encuentra en stock. Si no llegara a estar en stock, se te avisar\u00e1 con tiempo para tenerlo nuevamente en stock, o anular su compra. <\/p>\n\n\n\n<p>Para la ciudad de Ovalle, los plazos de entrega ser\u00e1n m\u00e1ximo 48 horas a partir de tu compra.<\/p>\n\n\n\n<p>En regiones, el tiempo de entrega var\u00eda dependiendo de la zona. No se realizan despachos los s\u00e1bados y domingos. Si haces un pedido el d\u00eda viernes despu\u00e9s de las 12:00 Hrs. o durante el fin de semana, \u00e9ste se procesar\u00e1 el d\u00eda lunes siguiente.<\/p>\n\n\n\n<p>Los env\u00edos de nuestros productos se hacen una vez que el comprador hace el pago del pedido a trav\u00e9s de pago con Webpay o transferencia bancaria.<\/p>\n\n\n\n<p>Enviamos a todo Chile a trav\u00e9s de Chilexpress, Correos de Chile o Pullman Cargo, &nbsp;y los costos son a cargo del comprador.&nbsp; Mundo Marron Limitada no se hace responsable por p\u00e9rdidas o retrasos que puedan suceder causados por dichas empresas, en caso que esto ocurra es responsabilidad del comprador contactar al correo para poner un reclamo y exigir una soluci\u00f3n.&nbsp; Nosotros proporcionaremos el n\u00famero de orden de dicho pedido.<\/p>\n\n\n\n<p>Tenemos nuestro domicilio en Emilio Corval\u00e1n 329, poblaci\u00f3n Cobresal donde puedes venir a retirar tus productos, de lunes a viernes previo contacto con nosotros (no es una tienda fisica) Escr\u00edbenos un correo o a nuestro whatsapp y te enviaremos mayores detalles.<\/p>\n\n\n\n<p>Para cualquier duda o consulta puedes escribirnos a nuestro correo&nbsp;<strong>contacto@mundomarron.cl<\/strong>, o a nuestro Whatsapp o Telegram <strong>+56993670814<\/strong><\/p>\n","protected":false},"excerpt":{"rendered":"<p>\u00bfC\u00f3mo comprar? Puedes comprar y pagar a trav\u00e9s de nuestro sitio web utilizando el carrito de compras desde la comodidad de tu hogar. Solamente tienes que seleccionar los items que quieras comprar para agregarlos al carrito y puedes finalmente pagar con tu tarjeta de credito o d\u00e9bito utilizando Webpay,&nbsp; transferencia electr\u00f3nica, o Contra-reembolso (solo disponible [&#8230;]\n","protected":false},"author":1,"featured_media":0,"parent":0,"menu_order":0,"comment_status":"closed","ping_status":"closed","template":"","meta":{"footnotes":""},"class_list":["post-806","page","type-page","status-publish","hentry"],"aioseo_notices":[],"_links":{"self":[{"href":"https:\/\/mundomarron.cl\/inicio\/wp-json\/wp\/v2\/pages\/806","targetHints":{"allow":["GET"]}}],"collection":[{"href":"https:\/\/mundomarron.cl\/inicio\/wp-json\/wp\/v2\/pages"}],"about":[{"href":"https:\/\/mundomarron.cl\/inicio\/wp-json\/wp\/v2\/types\/page"}],"author":[{"embeddable":true,"href":"https:\/\/mundomarron.cl\/inicio\/wp-json\/wp\/v2\/users\/1"}],"replies":[{"embeddable":true,"href":"https:\/\/mundomarron.cl\/inicio\/wp-json\/wp\/v2\/comments?post=806"}],"version-history":[{"count":3,"href":"https:\/\/mundomarron.cl\/inicio\/wp-json\/wp\/v2\/pages\/806\/revisions"}],"predecessor-version":[{"id":3617,"href":"https:\/\/mundomarron.cl\/inicio\/wp-json\/wp\/v2\/pages\/806\/revisions\/3617"}],"wp:attachment":[{"href":"https:\/\/mundomarron.cl\/inicio\/wp-json\/wp\/v2\/media?parent=806"}],"curies":[{"name":"wp","href":"https:\/\/api.w.org\/{rel}","templated":true}]}}