{"id":931,"date":"2021-03-13T22:26:29","date_gmt":"2021-03-13T22:26:29","guid":{"rendered":"https:\/\/mundomarron.cl\/?post_type=product&#038;p=931"},"modified":"2025-11-12T23:26:44","modified_gmt":"2025-11-12T23:26:44","slug":"botella-para-elixir-de-cuarzo-cristal","status":"publish","type":"product","link":"https:\/\/mundomarron.cl\/inicio\/producto\/botella-para-elixir-de-cuarzo-cristal\/","title":{"rendered":"Botella para Elixir de Cuarzo Cristal"},"content":{"rendered":"<p>El Cuarzo Cristal energiza y activa todos tus chakras. Amplifica el nivel de energia de cualquier otra gema que toque, asimismo tu cuerpo fisico y energ\u00e9tico. Programala para mantener tu atencion. \u00a0Aumenta la inspiraci\u00f3n y la creatividad al crear espacio en la mente. Puede sanar problemas a nivel f\u00edsico, mental o emocional o del alma. Se ubica con los chakras superiores, trayendo la luz divina y la conexi\u00f3n con el ser superior, la conciencia superior, la sabidur\u00eda superior y el amor puro.<\/p>\n<p><strong>Como Funciona la Botella?<\/strong><\/p>\n<p>Los cristales tienen vibraciones y propiedades energ\u00e9ticas, El agua recibe esta informaci\u00f3n transferida por los cristales y la almacena. La informaci\u00f3n de las gemas o cristales se transfiere al agua y al ingerir esta agua o al aplicarla externamente tiene efectos similares a los que producen los cristales cuando se utilizan por si solos. Esta agua solo almacena la energ\u00eda de los cristales, no se transfieren al agua las sustancias f\u00edsicas solo las energ\u00e9ticas y sus vibraciones. Esta agua es la que se conoce como elixir de cristal o agua de gema.<\/p>\n<p>El uso de los elixir pueden ser distintos: para beber con fines terap\u00e9uticos, para aplicar en la piel con fines energ\u00e9ticos, f\u00edsicos o est\u00e9ticos, para ba\u00f1os de tina, para regar plantas, limpiezas energ\u00e9ticas , comidas y el que t\u00fa le quieras dar siempre cuando sea para tu beneficio.<\/p>\n<p><strong>Modo de uso<\/strong><\/p>\n<p>Vierte agua purificada en tu botella elixir por las noches y d\u00e9jala reposar.\u00a0Al d\u00eda siguiente puedes beber tu agua, lo ideal para ver los beneficios es tomar el agua por 21 d\u00edas para sentir armon\u00eda y su vibraci\u00f3n.<\/p>\n<p>Los elixir los puedes utilizar en agua para beber, para limpiezas, ba\u00f1os energ\u00e9ticos o rociar en el ambiente.<\/p>\n","protected":false},"excerpt":{"rendered":"<p>Botella de vidrio + cristal natural + acero. Capacidad 500 ml. Piedra 100% natural.<\/p>\n","protected":false},"featured_media":935,"comment_status":"open","ping_status":"closed","template":"","meta":[],"product_brand":[],"product_cat":[53,63],"product_tag":[],"class_list":{"0":"post-931","1":"product","2":"type-product","3":"status-publish","4":"has-post-thumbnail","6":"product_cat-bienestar","7":"product_cat-botellaselixir","9":"first","10":"instock","11":"taxable","12":"shipping-taxable","13":"purchasable","14":"product-type-simple"},"aioseo_notices":[],"_links":{"self":[{"href":"https:\/\/mundomarron.cl\/inicio\/wp-json\/wp\/v2\/product\/931","targetHints":{"allow":["GET"]}}],"collection":[{"href":"https:\/\/mundomarron.cl\/inicio\/wp-json\/wp\/v2\/product"}],"about":[{"href":"https:\/\/mundomarron.cl\/inicio\/wp-json\/wp\/v2\/types\/product"}],"replies":[{"embeddable":true,"href":"https:\/\/mundomarron.cl\/inicio\/wp-json\/wp\/v2\/comments?post=931"}],"wp:featuredmedia":[{"embeddable":true,"href":"https:\/\/mundomarron.cl\/inicio\/wp-json\/wp\/v2\/media\/935"}],"wp:attachment":[{"href":"https:\/\/mundomarron.cl\/inicio\/wp-json\/wp\/v2\/media?parent=931"}],"wp:term":[{"taxonomy":"product_brand","embeddable":true,"href":"https:\/\/mundomarron.cl\/inicio\/wp-json\/wp\/v2\/product_brand?post=931"},{"taxonomy":"product_cat","embeddable":true,"href":"https:\/\/mundomarron.cl\/inicio\/wp-json\/wp\/v2\/product_cat?post=931"},{"taxonomy":"product_tag","embeddable":true,"href":"https:\/\/mundomarron.cl\/inicio\/wp-json\/wp\/v2\/product_tag?post=931"}],"curies":[{"name":"wp","href":"https:\/\/api.w.org\/{rel}","templated":true}]}}